{"id":10,"date":"2013-03-12T21:56:05","date_gmt":"2013-03-12T20:56:05","guid":{"rendered":"http:\/\/www.milosnicylasu.olsztyn.pl\/?page_id=10"},"modified":"2026-04-19T18:54:58","modified_gmt":"2026-04-19T16:54:58","slug":"przyjaciele-kola","status":"publish","type":"page","link":"https:\/\/www.milosnicylasu.olsztyn.pl\/?page_id=10","title":{"rendered":"Przyjaciele Ko\u0142a"},"content":{"rendered":"<p><strong>Serdecznie zapraszamy do odwiedzin u naszych przyjaci\u00f3\u0142:<\/strong><\/p>\n<ul>\n<li><a title=\"Lasy Pa\u0144stwowe w Olsztynie\" href=\"http:\/\/www.olsztyn.lasy.gov.pl\/\" target=\"_blank\" rel=\"noopener noreferrer\">Regionalna Dyrekcja Las\u00f3w Pa\u0144stwowych w Olsztynie<\/a><\/li>\n<li><a title=\"Nadle\u015bnictwo Mi\u0142om\u0142yn\" href=\"http:\/\/milomlyn.olsztyn.lasy.gov.pl\" target=\"_blank\" rel=\"noopener noreferrer\">Nadle\u015bnictwo Mi\u0142om\u0142yn<\/a><\/li>\n<li><a title=\"Nadle\u015bnictwo Kudypy\" href=\"http:\/\/kudypy.olsztyn.lasy.gov.pl\" target=\"_blank\" rel=\"noopener noreferrer\">Nadle\u015bnictwo Kudypy<\/a><\/li>\n<li><a title=\"Nadle\u015bnictwo Olsztyn\" href=\"http:\/\/olsztyn.lasy.gov.pl\" target=\"_blank\" rel=\"noopener noreferrer\">Nadle\u015bnictwo Olsztyn<\/a><\/li>\n<li>Nadle\u015bnictwo Orneta<\/li>\n<li>Nadle\u015bnictwo Spychowo<\/li>\n<li><a title=\"Nadle\u015bnictwo Mi\u0142om\u0142yn\" href=\"http:\/\/milomlyn.olsztyn.lasy.gov.pl\" target=\"_blank\" rel=\"noopener noreferrer\">N<\/a>adle\u015bnictwo Mr\u0105gowo<\/li>\n<li>Nadle\u015bnictwo Szczytno<\/li>\n<li>Nadle\u015bnictwo Nowe Ramuki \u00a0<a style=\"font-style: normal; line-height: 24.375px; text-decoration: underline;\" href=\"mailto:noweramuki@olsztyn.lasy.gov.pl\"><br \/>\n<\/a>Nadle\u015bnictwo Stare Jab\u0142onki<\/li>\n<li>Nadle\u015bnictwo Lidzbark<\/li>\n<li>Nadle\u015bnictwo M\u0142ynary<\/li>\n<li>Nadle\u015bnictwo Srokowo<\/li>\n<li>Nadle\u015bnictwo Olsztynek<\/li>\n<li><a title=\"KAPPA\" href=\"http:\/\/www.kappa.com.pl\" target=\"_blank\" rel=\"noopener noreferrer\">Firma&#8221;<strong>Kappa&#8221; S.C.\u00a0Tomasz Kicowski Beata Staro\u0144 Kicowska<\/strong><\/a><\/li>\n<\/ul>\n<p>&nbsp;<\/p>\n","protected":false},"excerpt":{"rendered":"<p>Serdecznie zapraszamy do odwiedzin u naszych przyjaci\u00f3\u0142: Regionalna Dyrekcja Las\u00f3w Pa\u0144stwowych w Olsztynie Nadle\u015bnictwo Mi\u0142om\u0142yn Nadle\u015bnictwo Kudypy Nadle\u015bnictwo Olsztyn Nadle\u015bnictwo Orneta Nadle\u015bnictwo Spychowo Nadle\u015bnictwo Mr\u0105gowo Nadle\u015bnictwo Szczytno Nadle\u015bnictwo Nowe Ramuki \u00a0 Nadle\u015bnictwo Stare Jab\u0142onki Nadle\u015bnictwo Lidzbark Nadle\u015bnictwo M\u0142ynary Nadle\u015bnictwo Srokowo Nadle\u015bnictwo Olsztynek Firma&#8221;Kappa&#8221; S.C.\u00a0Tomasz Kicowski Beata Staro\u0144 Kicowska &nbsp;<\/p>\n","protected":false},"author":1,"featured_media":0,"parent":0,"menu_order":4,"comment_status":"open","ping_status":"open","template":"","meta":{"footnotes":""},"class_list":["post-10","page","type-page","status-publish","hentry"],"_links":{"self":[{"href":"https:\/\/www.milosnicylasu.olsztyn.pl\/index.php?rest_route=\/wp\/v2\/pages\/10","targetHints":{"allow":["GET"]}}],"collection":[{"href":"https:\/\/www.milosnicylasu.olsztyn.pl\/index.php?rest_route=\/wp\/v2\/pages"}],"about":[{"href":"https:\/\/www.milosnicylasu.olsztyn.pl\/index.php?rest_route=\/wp\/v2\/types\/page"}],"author":[{"embeddable":true,"href":"https:\/\/www.milosnicylasu.olsztyn.pl\/index.php?rest_route=\/wp\/v2\/users\/1"}],"replies":[{"embeddable":true,"href":"https:\/\/www.milosnicylasu.olsztyn.pl\/index.php?rest_route=%2Fwp%2Fv2%2Fcomments&post=10"}],"version-history":[{"count":28,"href":"https:\/\/www.milosnicylasu.olsztyn.pl\/index.php?rest_route=\/wp\/v2\/pages\/10\/revisions"}],"predecessor-version":[{"id":9912,"href":"https:\/\/www.milosnicylasu.olsztyn.pl\/index.php?rest_route=\/wp\/v2\/pages\/10\/revisions\/9912"}],"wp:attachment":[{"href":"https:\/\/www.milosnicylasu.olsztyn.pl\/index.php?rest_route=%2Fwp%2Fv2%2Fmedia&parent=10"}],"curies":[{"name":"wp","href":"https:\/\/api.w.org\/{rel}","templated":true}]}}