{"id":2,"date":"2013-03-07T22:09:42","date_gmt":"2013-03-07T22:09:42","guid":{"rendered":"http:\/\/www.milosnicylasu.olsztyn.pl\/?page_id=2"},"modified":"2026-04-20T09:48:20","modified_gmt":"2026-04-20T07:48:20","slug":"przykladowa-strona","status":"publish","type":"page","link":"https:\/\/www.milosnicylasu.olsztyn.pl\/?page_id=2","title":{"rendered":"O nas"},"content":{"rendered":"<p><strong>Ko\u0142o Mi\u0142o\u015bnik\u00f3w Lasu przy Regionalnej Dyrekcji Las\u00f3w Pa\u0144stwowych w Olsztynie<\/strong> powsta\u0142o 04.12.2025r\u00a0 po rozwi\u0105zaniu poprzedniego Ko\u0142a dzia\u0142aj\u0105cego od 2009r.w ramach Ligi Obrony Kraju . Na zebranie za\u0142o\u017cycielskie przyby\u0142o 30 os\u00f3b, obecnie do Ko\u0142a nale\u017cy 60 aktywnych, m\u0142odych duchem ludzi, o bardzo r\u00f3\u017cnorodnych pasjach i zainteresowaniach, oraz wielu zawod\u00f3w.<\/p>\n<p><strong>Trzeba zaznaczy\u0107, \u017ce tak d\u0142uga i r\u00f3\u017cnorodna dzia\u0142alno\u015b\u0107 Ko\u0142a jest mo\u017cliwa dzi\u0119ki du\u017cemu wsparciu kolejnych dyrektor\u00f3w RDLP w Olsztynie oraz wielu Nadle\u015bnictw i pracownik\u00f3w podleg\u0142ych Olszty\u0144skiej Dyrekcji.<\/strong><br \/>\nWszyscy kochamy las, przyrod\u0119, w ka\u017cd\u0105 sobot\u0119 uczestniczymy w rajdach po okolicznych lasach. W okresie zimy dokarmiamy le\u015bne zwierz\u0119ta, wiosn\u0105 &#8211; sprz\u0105tamy las i sadzimy drzewa. W ka\u017cdym roku, obchodzimy \u015awi\u0119to Drzewa, Dzie\u0144 Niezapominajki, \u015awi\u0119to Hubertusa, Dzie\u0144 Wody. Inni kontynuuj\u0105 i rozwijaj\u0105 uzdolnienia artystyczne, fotograficzne. Swoje prace wystawiaj\u0105 na organizowanych wystawach i konkursach w RDLP.<br \/>\nOrganizujemy plenerowe spotkania z okazji Walentynek, Andrzejek, po\u017cegnania Starego Roku, rocznic patriotycznych , poszukiwania skarb\u00f3w, biegi na orientacje i azymut. Cz\u0142onkowie Ko\u0142a opiekuj\u0105 si\u0119 le\u015bnymi grobami i mogi\u0142ami poleg\u0142ych z czasu I i II Wojny \u015awiatowej. Organizujemy konkursy z wiedzy historycznej, le\u015bnej i og\u00f3lnej , zwyci\u0119zcy otrzymuj\u0105 drobne upominki.<\/p>\n<p>W ka\u017cdy pierwszy czwartek miesi\u0105ca spotykamy si\u0119 w Regionalnej Dyrekcji Las\u00f3w Pa\u0144stwowych w Olsztynie, gdzie le\u015bnicy przekazuj\u0105 nam swoj\u0105 wiedz\u0119 o lesie i jego ciekawostkach. W tym dniu za\u0142atwiamy te\u017c sprawy organizacyjne, w tym przyj\u0119cia nowych cz\u0142onk\u00f3w. Nabyt\u0105 le\u015bno-przyrodnicz\u0105 wiedz\u0119 staramy si\u0119 przekaza\u0107 naszemu otoczeniu- rodzinie, znajomym. Pod has\u0142em &#8222;Las \u0142\u0105czy pokolenia&#8221;, zapraszamy m\u0142odsze pokolenie na sobotnie rajdy, przeprowadzamy le\u015bne konkursy, ubieramy marchewkami, jab\u0142kami i innymi ozdobami ekologicznymi le\u015bn\u0105 choink\u0119.<\/p>\n<p><strong>Zapraszamy do nas. Jeste\u015bmy przekonani, \u017ce ka\u017cdy przy\u0142\u0105czaj\u0105c si\u0119 wnosi niepowtarzaln\u0105 warto\u015b\u0107 i mo\u017ce realizowa\u0107 i rozwija\u0107 si\u0119.<\/strong><\/p>\n<p>&nbsp;<\/p>\n<p>&nbsp;<\/p>\n<p>Z<\/p>\n","protected":false},"excerpt":{"rendered":"<p>Ko\u0142o Mi\u0142o\u015bnik\u00f3w Lasu przy Regionalnej Dyrekcji Las\u00f3w Pa\u0144stwowych w Olsztynie powsta\u0142o 04.12.2025r\u00a0 po rozwi\u0105zaniu poprzedniego Ko\u0142a dzia\u0142aj\u0105cego od 2009r.w ramach Ligi Obrony Kraju . Na zebranie za\u0142o\u017cycielskie przyby\u0142o 30 os\u00f3b, obecnie do Ko\u0142a nale\u017cy 60 aktywnych, m\u0142odych duchem ludzi, o bardzo r\u00f3\u017cnorodnych pasjach i zainteresowaniach, oraz wielu zawod\u00f3w. Trzeba zaznaczy\u0107, \u017ce tak d\u0142uga i r\u00f3\u017cnorodna [&hellip;]<\/p>\n","protected":false},"author":1,"featured_media":0,"parent":0,"menu_order":0,"comment_status":"open","ping_status":"open","template":"","meta":{"footnotes":""},"class_list":["post-2","page","type-page","status-publish","hentry"],"_links":{"self":[{"href":"https:\/\/www.milosnicylasu.olsztyn.pl\/index.php?rest_route=\/wp\/v2\/pages\/2","targetHints":{"allow":["GET"]}}],"collection":[{"href":"https:\/\/www.milosnicylasu.olsztyn.pl\/index.php?rest_route=\/wp\/v2\/pages"}],"about":[{"href":"https:\/\/www.milosnicylasu.olsztyn.pl\/index.php?rest_route=\/wp\/v2\/types\/page"}],"author":[{"embeddable":true,"href":"https:\/\/www.milosnicylasu.olsztyn.pl\/index.php?rest_route=\/wp\/v2\/users\/1"}],"replies":[{"embeddable":true,"href":"https:\/\/www.milosnicylasu.olsztyn.pl\/index.php?rest_route=%2Fwp%2Fv2%2Fcomments&post=2"}],"version-history":[{"count":38,"href":"https:\/\/www.milosnicylasu.olsztyn.pl\/index.php?rest_route=\/wp\/v2\/pages\/2\/revisions"}],"predecessor-version":[{"id":9917,"href":"https:\/\/www.milosnicylasu.olsztyn.pl\/index.php?rest_route=\/wp\/v2\/pages\/2\/revisions\/9917"}],"wp:attachment":[{"href":"https:\/\/www.milosnicylasu.olsztyn.pl\/index.php?rest_route=%2Fwp%2Fv2%2Fmedia&parent=2"}],"curies":[{"name":"wp","href":"https:\/\/api.w.org\/{rel}","templated":true}]}}

<p><strong>Koło Miłośników Lasu przy Regionalnej Dyrekcji Lasów Państwowych w Olsztynie</strong> powstało 04.12.2025r  po rozwiązaniu poprzedniego Koła działającego od 2009r.w ramach Ligi Obrony Kraju . Na zebranie założycielskie przybyło 30 osób, obecnie do Koła należy 60 aktywnych, młodych duchem ludzi, o bardzo różnorodnych pasjach i zainteresowaniach, oraz wielu zawodów.</p>
<p><strong>Trzeba zaznaczyć, że tak długa i różnorodna działalność Koła jest możliwa dzięki dużemu wsparciu kolejnych dyrektorów RDLP w Olsztynie oraz wielu Nadleśnictw i pracowników podległych Olsztyńskiej Dyrekcji.</strong><br />
Wszyscy kochamy las, przyrodę, w każdą sobotę uczestniczymy w rajdach po okolicznych lasach. W okresie zimy dokarmiamy leśne zwierzęta, wiosną &#8211; sprzątamy las i sadzimy drzewa. W każdym roku, obchodzimy Święto Drzewa, Dzień Niezapominajki, Święto Hubertusa, Dzień Wody. Inni kontynuują i rozwijają uzdolnienia artystyczne, fotograficzne. Swoje prace wystawiają na organizowanych wystawach i konkursach w RDLP.<br />
Organizujemy plenerowe spotkania z okazji Walentynek, Andrzejek, pożegnania Starego Roku, rocznic patriotycznych , poszukiwania skarbów, biegi na orientacje i azymut. Członkowie Koła opiekują się leśnymi grobami i mogiłami poległych z czasu I i II Wojny Światowej. Organizujemy konkursy z wiedzy historycznej, leśnej i ogólnej , zwycięzcy otrzymują drobne upominki.</p>
<p>W każdy pierwszy czwartek miesiąca spotykamy się w Regionalnej Dyrekcji Lasów Państwowych w Olsztynie, gdzie leśnicy przekazują nam swoją wiedzę o lesie i jego ciekawostkach. W tym dniu załatwiamy też sprawy organizacyjne, w tym przyjęcia nowych członków. Nabytą leśno-przyrodniczą wiedzę staramy się przekazać naszemu otoczeniu- rodzinie, znajomym. Pod hasłem &#8222;Las łączy pokolenia&#8221;, zapraszamy młodsze pokolenie na sobotnie rajdy, przeprowadzamy leśne konkursy, ubieramy marchewkami, jabłkami i innymi ozdobami ekologicznymi leśną choinkę.</p>
<p><strong>Zapraszamy do nas. Jesteśmy przekonani, że każdy przyłączając się wnosi niepowtarzalną wartość i może realizować i rozwijać się.</strong></p>
<p>&nbsp;</p>
<p>&nbsp;</p>
<p>Z</p>

<p>Koło Miłośników Lasu przy Regionalnej Dyrekcji Lasów Państwowych w Olsztynie powstało 04.12.2025r  po rozwiązaniu poprzedniego Koła działającego od 2009r.w ramach Ligi Obrony Kraju . Na zebranie założycielskie przybyło 30 osób, obecnie do Koła należy 60 aktywnych, młodych duchem ludzi, o bardzo różnorodnych pasjach i zainteresowaniach, oraz wielu zawodów. Trzeba zaznaczyć, że tak długa i różnorodna [&hellip;]</p>
